t of 12131?
1
What is the tens digit of 825?
2
What is the hundreds digit of 11939?
9
What is the units digit of 64800?
0
What is the hundred thousands digit of 121495?
1
What is the hundreds digit of 90249?
2
What is the units digit of 56065?
5
What is the thousands digit of 121347?
1
What is the hundreds digit of 9608?
6
What is the tens digit of 3693?
9
What is the ten thousands digit of 129153?
2
What is the hundreds digit of 3132?
1
What is the tens digit of 24134?
3
What is the tens digit of 80?
8
What is the units digit of 1181?
1
What is the thousands digit of 4939?
4
What is the tens digit of 11330?
3
What is the hundreds digit of 8172?
1
What is the units digit of 4345?
5
What is the hundreds digit of 2460?
4
What is the units digit of 34056?
6
What is the hundreds digit of 9931?
9
What is the units digit of 88?
8
What is the units digit of 18089?
9
What is the tens digit of 1086?
8
What is the tens digit of 2115?
1
What is the units digit of 1678?
8
What is the tens digit of 174?
7
What is the units digit of 1179?
9
What is the units digit of 666?
6
What is the units digit of 681?
1
What is the tens digit of 9407?
0
What is the tens digit of 3754?
5
What is the tens digit of 1887?
8
What is the thousands digit of 6606?
6
What is the thousands digit of 7654?
7
What is the ten thousands digit of 50515?
5
What is the thousands digit of 23242?
3
What is the hundreds digit of 13299?
2
What is the units digit of 43388?
8
What is the tens digit of 40915?
1
What is the hundreds digit of 4658?
6
What is the thousands digit of 58020?
8
What is the tens digit of 466?
6
What is the tens digit of 10035?
3
What is the tens digit of 3470?
7
What is the units digit of 6271?
1
What is the units digit of 1671?
1
What is the units digit of 4399?
9
What is the ten thousands digit of 13487?
1
What is the hundreds digit of 1290?
2
What is the hundreds digit of 77593?
5
What is the hundreds digit of 4352?
3
What is the hundreds digit of 21196?
1
What is the thousands digit of 3086?
3
What is the thousands digit of 20407?
0
What is the tens digit of 78894?
9
What is the units digit of 7832?
2
What is the hundreds digit of 311?
3
What is the units digit of 6477?
7
What is the hundreds digit of 130?
1
What is the tens digit of 3852?
5
What is the tens digit of 32380?
8
What is the tens digit of 63600?
0
What is the tens digit of 1163?
6
What is the units digit of 18588?
8
What is the units digit of 73670?
0
What is the units digit of 21777?
7
What is the hundreds digit of 79510?
5
What is the ten thousands digit of 43858?
4
What is the tens digit of 1445?
4
What is the thousands digit of 5046?
5
What is the units digit of 2211?
1
What is the tens digit of 3391?
9
What is the hundreds digit of 1315?
3
What is the tens digit of 442?
4
What is the thousands digit of 2861?
2
What is the thousands digit of 2409?
2
What is the hundreds digit of 45951?
9
What is the thousands digit of 1552?
1
What is the hundreds digit of 80654?
6
What is the hundreds digit of 17044?
0
What is the thousands digit of 31893?
1
What is the units digit of 3385?
5
What is the thousands digit of 1389?
1
What is the hundreds digit of 50868?
8
What is the units digit of 7391?
1
What is the hundreds digit of 389?
3
What is the units digit of 82713?
3
What is the tens digit of 605?
0
What is the units digit of 12683?
3
What is the tens digit of 92?
9
What is the hundreds digit of 86403?
4
What is the ten thousands digit of 119273?
1
What is the hundreds digit of 9261?
2
What is the hundreds digit of 4501?
5
What is the tens digit of 51378?
7
What is the thousands digit of 59507?
9
What is the tens digit of 35701?
0
What is the units digit of 2824?
4
What is the thousands digit of 6816?
6
What is the tens digit of 37735?
3
What is the hundreds digit of 18115?
1
What is the tens digit of 16469?
6
What is the tens digit of 1161?
6
What is the thousands digit of 62961?
2
What is the tens digit of 1696?
9
What is the thousands digit of 35472?
5
What is the tens digit of 3583?
8
What is the units digit of 1203?
3
What is the units digit of 621?
1
What is the tens digit of 1556?
5
What is the thousands digit of 14288?
4
What is the thousands digit of 8590?
8
What is the tens digit of 10543?
4
What is the tens digit of 848?
4
What is the ten thousands digit of 107223?
0
What is the tens digit of 1162?
6
What is the ten thousands digit of 26247?
2
What is the hundreds digit of 154?
1
What is the tens digit of 13945?
4
What is the hundreds digit of 1000?
0
What is the tens digit of 697?
9
What is the units digit of 464?
4
What is the ten thousands digit of 43847?
4
What is the tens digit of 194?
9
What is the units digit of 2036?
6
What is the tens digit of 514?
1
What is the units digit of 25301?
1
What is the ten thousands digit of 40352?
4
What is the tens digit of 2008?
0
What is the tens digit of 22031?
3
What is the hundreds digit of 106?
1
What is the thousands digit of 8616?
8
What is the tens digit of 11318?
1
What is the tens digit of 3583?
8
What is the tens digit of 1588?
8
What is the hundreds digit of 881?
8
What is the thousands digit of 13825?
3
What is the thousands digit of 76529?
6
What is the tens digit of 1289?
8
What is the hundreds digit of 2511?
5
What is the hundred thousands digit of 158918?
1
What is the thousands digit of 2786?
2
What is the hundreds digit of 13724?
7
What is the ten thousands digit of 61888?
6
What is the tens digit of 1726?
2
What is the units digit of 1762?
2
What is the thousands digit of 87294?
7
What is the thousands digit of 136743?
6
What is the tens digit of 32376?
7
What is the tens digit of 1098?
9
What is the hundreds digit of 95515?
5
What is the thousands digit of 3542?
3
What is the units digit of 61204?
4
What is the hundreds digit of 16938?
9
What is the tens digit of 6650?
5
What is the thousands digit of 10018?
0
What is the tens digit of 500?
0
What is the hundreds digit of 9665?
6
What is the ten thousands digit of 85479?
8
What is the thousands digit of 9410?
9
What is the thousands digit of 1810?
1
What is the thousands digit of 1061?
1
What is the units digit of 133075?
5
What is the hundreds digit of 8730?
7
What is the hundreds digit of 105?
1
What is the tens digit of 16252?
5
What is the hundreds digit of 853?
8
What is the hundreds digit of 22026?
0
What is the tens digit of 4684?
8
What is the tens digit of 1628?
2
What is the units digit of 2516?
6
What is the hundreds digit of 2002?
0
What is the ten thousands digit of 28782?
2
What is the thousands digit of 21935?
1
What is the units digit of 30407?
7
What is the units digit of 81917?
7
What is the hundreds digit of 700?
7
What is the units digit of 107598?
8
What is the units digit of 3171?
1
What is the ten thousands digit of 11917?
1
What is the thousands digit of 1800?
1
What is the hundreds digit of 14062?
0
What is the thousands digit of 2486?
2
What is the units digit of 728?
8
What is the tens digit of 2557?
5
What is the hundreds digit of 1434?
4
What is the units digit of 44362?
2
What is the thousands digit of 17696?
7
What is the hundreds digit of 763?
7
What is the units digit of 382?
2
What is the hundreds digit of 2088?
0
What is the tens digit of 33826?
2
What is the hundreds digit of 12716?
7
What is the units digit of 27568?
8
What is the hundreds digit of 1445?
4
What is the tens digit of 3329?
2
What is the hundreds digit of 7639?
6
What is the tens digit of 336?
3
What is the ten thousands digit of 11306?
1
What is the hundreds digit of 1282?
2
What is the tens digit of 9431?
3
What is the units digit of 873?
3
What is the tens digit of 7028?
2
What is the thousands digit of 40089?
0
What is the thousands digit of 9195?
9
What is the thousands digit of 1754?
1
What is the hundreds digit of 50801?
8
What is the hundreds digit of 1668?
6
What is the tens digit of 945?
4
What is the hundreds digit of 1056?
0
What is the hundreds digit of 1582?
5
What is the units digit of 3232?
2
What is the tens digit of 3697?
9
What is the tens digit of 1559?
5
What is the hundreds digit of 2196?
1
What is the units digit of 3586?
6
What is the thousands digit of 3059?
3
What is the tens digit of 37921?
2
What is the thousands digit of 4951?
4
What is the hundreds di